{"id":32,"date":"2017-03-28T04:22:28","date_gmt":"2017-03-28T04:22:28","guid":{"rendered":"http:\/\/www.ancorseguros.cl\/ancorseguros\/?page_id=32"},"modified":"2021-02-16T05:13:24","modified_gmt":"2021-02-16T08:13:24","slug":"ancor-seguros-corredores","status":"publish","type":"page","link":"https:\/\/www.ancorseguros.cl\/ancorseguros\/","title":{"rendered":"inicio"},"content":{"rendered":"<h1><span style=\"color: #800080;\"><strong>ANCOR CORREDORES DE SEGUROS<\/strong><\/span><\/h1>\n<p><span style=\"font-family: georgia,palatino,serif; font-size: 14pt;\">Nos dedicamos a la intermediaci\u00f3n de seguros con las mejores compa\u00f1\u00edas del mercado nacional. Tenemos un amplio conocimiento en Seguros Generales y Vida, lo que nos permite asesorar a nuestros clientes, ya sean Personas o Empresas, de forma adecuada y con una atenci\u00f3n personalizada.<\/span><br \/>\n<span style=\"font-family: georgia,palatino,serif; font-size: 14pt;\"> Ser Corredores de Seguros, Oficiales e inscritos en Superintendencia de Valores y Seguros (S.V.S.) de Chile, significa estar debidamente habilitados y regulados para ofrecer soluciones en seguros, cumpliendo con la legislaci\u00f3n nacional vigente.<\/span><\/p>\n<h4><span style=\"color: #800080;\"><strong><style>.wp-show-posts-columns#wpsp-370 {margin-left: -2em; }.wp-show-posts-columns#wpsp-370 .wp-show-posts-inner {margin: 0 0 2em 2em; }<\/style><section id=\"wpsp-370\" class=\" wp-show-posts-columns wp-show-posts\" style=\"\"><article class=\" wp-show-posts-single post-381 post type-post status-publish format-standard hentry category-contrata-tu-soap tag-ancor-seguros tag-ancorseguros tag-contrata-tu-soap tag-seguro-obligatorio-accidentes-peatonales tag-seguro-obligatorio-online tag-soap tag-soap-chile tag-soap-santiago wpsp-col-6\" itemtype=\"http:\/\/schema.org\/CreativeWork\" itemscope><div class=\"wp-show-posts-inner\" style=\"\">\t\t\t\t\t\t<header class=\"wp-show-posts-entry-header\">\n\t\t\t\t\t\t\t<h2 class=\"wp-show-posts-entry-title\" itemprop=\"headline\"><a href=\"https:\/\/www.ancorseguros.cl\/ancorseguros\/contrata-tu-soap-ancorseguros\/\" rel=\"bookmark\">Contrata tu soap Ancorseguros<\/a><\/h2>\t\t\t\t\t\t<\/header><!-- .entry-header -->\n\t\t\t\t\t\t\t\t\t\t\t<div class=\"wp-show-posts-entry-content\" itemprop=\"text\">\n\t\t\t\t\t\t\t<table style=\"height: 389px; width: 580px; border-color: #ffffff;\" border=\"2\" width=\"580\" cellspacing=\"4\" cellpadding=\"2\">\n<tbody>\n<tr style=\"height: 43px;\">\n<td style=\"width: 562px; height: 43px; border-color: #ffffff; text-align: center;\" colspan=\"4\"><span style=\"color: #800080;\"><strong>Tu SOAP de Sura con precios preferenciales Ancorseguros aqu\u00ed<\/strong><\/span><\/td>\n<\/tr>\n<tr style=\"height: 43px;\">\n<td style=\"width: 126px; height: 43px; border-color: #ffffff; text-align: center;\"><a href=\"https:\/\/www.segurossura.cl\/SoapVenta\/Cotizador\/enviaPaso?rut=77568823&amp;idConvenio=ANCORMARZO2023\" target=\"_blank\" rel=\"noopener\"><img loading=\"lazy\" class=\"alignnone wp-image-423 size-medium\" src=\"https:\/\/www.ancorseguros.cl\/ancorseguros\/wp-content\/uploads\/2021\/02\/bt-soap-auto-1-300x300.jpg\" alt=\"Soap para Autom\u00f3vil, Station Wagon y Jeep\" width=\"300\" height=\"300\" srcset=\"https:\/\/www.ancorseguros.cl\/ancorseguros\/wp-content\/uploads\/2021\/02\/bt-soap-auto-1-300x300.jpg 300w, https:\/\/www.ancorseguros.cl\/ancorseguros\/wp-content\/uploads\/2021\/02\/bt-soap-auto-1-150x150.jpg 150w, https:\/\/www.ancorseguros.cl\/ancorseguros\/wp-content\/uploads\/2021\/02\/bt-soap-auto-1.jpg 310w\" sizes=\"(max-width: 300px) 100vw, 300px\" \/><\/a><\/td>\n<td style=\"width: 132px; height: 43px; border-color: #ffffff; text-align: center;\"><a href=\"https:\/\/www.segurossura.cl\/SoapVenta\/Cotizador\/enviaPaso?rut=77568823&amp;idConvenio=ANCORMARZO2023\" target=\"_blank\" rel=\"noopener\"><img loading=\"lazy\" class=\"alignnone wp-image-424 size-medium\" src=\"https:\/\/www.ancorseguros.cl\/ancorseguros\/wp-content\/uploads\/2021\/02\/bt-soap-camioneta-1-300x300.jpg\" alt=\"contrata Soap para Camioneta y Furg\u00f3n\" width=\"300\" height=\"300\" srcset=\"https:\/\/www.ancorseguros.cl\/ancorseguros\/wp-content\/uploads\/2021\/02\/bt-soap-camioneta-1-300x300.jpg 300w, https:\/\/www.ancorseguros.cl\/ancorseguros\/wp-content\/uploads\/2021\/02\/bt-soap-camioneta-1-150x150.jpg 150w, https:\/\/www.ancorseguros.cl\/ancorseguros\/wp-content\/uploads\/2021\/02\/bt-soap-camioneta-1.jpg 310w\" sizes=\"(max-width: 300px) 100vw, 300px\" \/><\/a><\/td>\n<td style=\"width: 131px; height: 43px; border-color: #ffffff; text-align: center;\"><a href=\"https:\/\/www.segurossura.cl\/SoapVenta\/Cotizador\/enviaPaso?rut=77568823&amp;idConvenio=ANCORMARZO2023\" target=\"_blank\" rel=\"noopener\"><img loading=\"lazy\" class=\"alignnone wp-image-425 size-medium\" src=\"https:\/\/www.ancorseguros.cl\/ancorseguros\/wp-content\/uploads\/2021\/02\/bt-soap-arrastre-1-300x300.jpg\" alt=\"contrata Soap para Carro de Arrastre y Casas Rodantes\" width=\"300\" height=\"300\" srcset=\"https:\/\/www.ancorseguros.cl\/ancorseguros\/wp-content\/uploads\/2021\/02\/bt-soap-arrastre-1-300x300.jpg 300w, https:\/\/www.ancorseguros.cl\/ancorseguros\/wp-content\/uploads\/2021\/02\/bt-soap-arrastre-1-150x150.jpg 150w, https:\/\/www.ancorseguros.cl\/ancorseguros\/wp-content\/uploads\/2021\/02\/bt-soap-arrastre-1.jpg 310w\" sizes=\"(max-width: 300px) 100vw, 300px\" \/><\/a><\/td>\n<td style=\"width: 143px; height: 43px; border-color: #ffffff; text-align: center;\"><a href=\"https:\/\/www.segurossura.cl\/SoapVenta\/Cotizador\/enviaPaso?rut=77568823&amp;idConvenio=ANCORMARZO2023\" target=\"_blank\" rel=\"noopener\"><img loading=\"lazy\" class=\"alignnone wp-image-426 size-medium\" src=\"https:\/\/www.ancorseguros.cl\/ancorseguros\/wp-content\/uploads\/2021\/02\/bt-soap-moto-1-300x300.jpg\" alt=\"contrata Soap Ancorseguros para Motos y motocicletas\" width=\"300\" height=\"300\" srcset=\"https:\/\/www.ancorseguros.cl\/ancorseguros\/wp-content\/uploads\/2021\/02\/bt-soap-moto-1-300x300.jpg 300w, https:\/\/www.ancorseguros.cl\/ancorseguros\/wp-content\/uploads\/2021\/02\/bt-soap-moto-1-150x150.jpg 150w, https:\/\/www.ancorseguros.cl\/ancorseguros\/wp-content\/uploads\/2021\/02\/bt-soap-moto-1.jpg 310w\" sizes=\"(max-width: 300px) 100vw, 300px\" \/><\/a><\/td>\n<\/tr>\n<tr>\n<td style=\"width: 126px; border-color: #ffffff; text-align: center;\">\n<h6><span style=\"color: #808080;\">Autom\u00f3vil, Station Wagon y Jeep<\/span><\/h6>\n<\/td>\n<td style=\"width: 132px; border-color: #ffffff; text-align: center;\">\n<h6><span style=\"color: #808080;\">Camioneta y Furg\u00f3n<\/span><\/h6>\n<\/td>\n<td style=\"width: 131px; border-color: #ffffff; text-align: center;\">\n<h6><span style=\"color: #808080;\">Carro de Arrastre y Casas Rodantes<\/span><\/h6>\n<\/td>\n<td style=\"width: 143px; border-color: #ffffff; text-align: center;\">\n<h6><span style=\"color: #808080;\">Motos<\/span><\/h6>\n<\/td>\n<\/tr>\n<tr style=\"height: 43px; border-style: none;\">\n<td style=\"width: 126px; height: 43px; background-color: #160769; border-color: #ffffff; text-align: center;\"><span style=\"color: #ffffff;\"><strong>$\u00a0 5.900<\/strong><\/span><\/td>\n<td style=\"width: 132px; height: 43px; background-color: #160769; border-color: #ffffff; text-align: center;\"><span style=\"color: #ffffff;\"><strong>$\u00a0 8.990<\/strong><\/span><\/td>\n<td style=\"width: 131px; height: 43px; background-color: #160769; border-color: #ffffff; text-align: center;\"><span style=\"color: #ffffff;\"><strong>$\u00a0 5.000<\/strong><\/span><\/td>\n<td style=\"width: 143px; height: 43px; background-color: #160769; border-color: #ffffff; text-align: center;\"><span style=\"color: #ffffff;\"><strong>$\u00a0 39.000<\/strong><\/span><\/td>\n<\/tr>\n<tr style=\"height: 44px;\">\n<td style=\"width: 126px; height: 44px; text-align: center;\"><\/td>\n<td style=\"width: 273px; height: 44px; text-align: center;\" colspan=\"2\"><a href=\"https:\/\/www.segurossura.cl\/SoapVenta\/Cotizador\/enviaPaso?rut=77568823&amp;idConvenio=ANCORMARZO2023\" target=\"_blank\" rel=\"noopener\"><img loading=\"lazy\" class=\"alignnone wp-image-419 size-medium\" src=\"https:\/\/www.ancorseguros.cl\/ancorseguros\/wp-content\/uploads\/2021\/02\/SOAP-2021-aseg-sura-1-300x191.jpg\" alt=\"Contrata tu soap con ancorseguros en sura\" width=\"300\" height=\"191\" srcset=\"https:\/\/www.ancorseguros.cl\/ancorseguros\/wp-content\/uploads\/2021\/02\/SOAP-2021-aseg-sura-1-300x191.jpg 300w, https:\/\/www.ancorseguros.cl\/ancorseguros\/wp-content\/uploads\/2021\/02\/SOAP-2021-aseg-sura-1.jpg 727w\" sizes=\"(max-width: 300px) 100vw, 300px\" \/><\/a><\/td>\n<td style=\"width: 143px; height: 44px; text-align: center;\"><\/td>\n<\/tr>\n<tr style=\"height: 44px;\">\n<td style=\"width: 562px; height: 44px; text-align: center;\" colspan=\"4\"><span style=\"color: #808080;\">Vigencia Final hasta 31\/03\/2024<\/span><\/td>\n<\/tr>\n<\/tbody>\n<\/table>\n\t\t\t\t\t\t<\/div><!-- .entry-content -->\n\t\t\t\t\t<\/div><!-- wp-show-posts-inner --><\/article><div class=\"wpsp-clear\"><\/div><\/section><!-- .wp-show-posts --><\/strong><\/span><\/h4>\n","protected":false},"excerpt":{"rendered":"<p>ANCOR CORREDORES DE SEGUROS Nos dedicamos a la intermediaci\u00f3n de seguros con las mejores compa\u00f1\u00edas del mercado nacional. Tenemos un amplio conocimiento en Seguros Generales y Vida, lo que nos permite asesorar a nuestros clientes, ya sean Personas o Empresas, de forma adecuada y con una atenci\u00f3n personalizada. Ser Corredores de Seguros, Oficiales e inscritos [&hellip;]<\/p>\n","protected":false},"author":1,"featured_media":0,"parent":0,"menu_order":0,"comment_status":"closed","ping_status":"closed","template":"","meta":[],"_links":{"self":[{"href":"https:\/\/www.ancorseguros.cl\/ancorseguros\/wp-json\/wp\/v2\/pages\/32"}],"collection":[{"href":"https:\/\/www.ancorseguros.cl\/ancorseguros\/wp-json\/wp\/v2\/pages"}],"about":[{"href":"https:\/\/www.ancorseguros.cl\/ancorseguros\/wp-json\/wp\/v2\/types\/page"}],"author":[{"embeddable":true,"href":"https:\/\/www.ancorseguros.cl\/ancorseguros\/wp-json\/wp\/v2\/users\/1"}],"replies":[{"embeddable":true,"href":"https:\/\/www.ancorseguros.cl\/ancorseguros\/wp-json\/wp\/v2\/comments?post=32"}],"version-history":[{"count":24,"href":"https:\/\/www.ancorseguros.cl\/ancorseguros\/wp-json\/wp\/v2\/pages\/32\/revisions"}],"predecessor-version":[{"id":377,"href":"https:\/\/www.ancorseguros.cl\/ancorseguros\/wp-json\/wp\/v2\/pages\/32\/revisions\/377"}],"wp:attachment":[{"href":"https:\/\/www.ancorseguros.cl\/ancorseguros\/wp-json\/wp\/v2\/media?parent=32"}],"curies":[{"name":"wp","href":"https:\/\/api.w.org\/{rel}","templated":true}]}}