{"id":91,"date":"2017-03-29T20:44:32","date_gmt":"2017-03-29T20:44:32","guid":{"rendered":"http:\/\/www.ancorseguros.cl\/ancorseguros\/?page_id=91"},"modified":"2017-04-10T05:05:41","modified_gmt":"2017-04-10T05:05:41","slug":"vida","status":"publish","type":"page","link":"https:\/\/www.ancorseguros.cl\/ancorseguros\/vida\/","title":{"rendered":"Vida"},"content":{"rendered":"<script data-cfasync=\"false\" type=\"text\/javascript\">var lsjQuery = jQuery;<\/script><script data-cfasync=\"false\" type=\"text\/javascript\">\r\nlsjQuery(document).ready(function() {\r\nif(typeof lsjQuery.fn.layerSlider == \"undefined\") {\r\nif( window._layerSlider && window._layerSlider.showNotice) { \r\nwindow._layerSlider.showNotice('layerslider_5','jquery');\r\n}\r\n} else {\r\nlsjQuery(\"#layerslider_5\").layerSlider({sliderVersion: '6.1.6', navStartStop: false, navButtons: false, showCircleTimer: false, skinsPath: 'https:\/\/www.ancorseguros.cl\/ancorseguros\/wp-content\/plugins\/LayerSlider\/static\/layerslider\/skins\/'});\r\n}\r\n});\r\n<\/script><div id=\"layerslider_5\" class=\"ls-wp-container fitvidsignore\" style=\"width:1280px;height:300px;margin:0 auto;margin-bottom: 0px;\"><div class=\"ls-slide\" data-ls=\"duration:1000;kenburnsscale:1.2;\"><img width=\"1400\" height=\"300\" src=\"https:\/\/www.ancorseguros.cl\/ancorseguros\/wp-content\/uploads\/2017\/04\/slide-interior09.jpg\" class=\"ls-bg\" alt=\"seguro familiar\" loading=\"lazy\" srcset=\"https:\/\/www.ancorseguros.cl\/ancorseguros\/wp-content\/uploads\/2017\/04\/slide-interior09.jpg 1400w, https:\/\/www.ancorseguros.cl\/ancorseguros\/wp-content\/uploads\/2017\/04\/slide-interior09-300x64.jpg 300w, https:\/\/www.ancorseguros.cl\/ancorseguros\/wp-content\/uploads\/2017\/04\/slide-interior09-768x165.jpg 768w, https:\/\/www.ancorseguros.cl\/ancorseguros\/wp-content\/uploads\/2017\/04\/slide-interior09-1024x219.jpg 1024w\" sizes=\"(max-width: 1400px) 100vw, 1400px\" \/><\/div><div class=\"ls-slide\" data-ls=\"duration:1000;kenburnsscale:1.2;\"><img width=\"1400\" height=\"300\" src=\"https:\/\/www.ancorseguros.cl\/ancorseguros\/wp-content\/uploads\/2017\/04\/slide-interior06.jpg\" class=\"ls-bg\" alt=\"seguro civil\" loading=\"lazy\" srcset=\"https:\/\/www.ancorseguros.cl\/ancorseguros\/wp-content\/uploads\/2017\/04\/slide-interior06.jpg 1400w, https:\/\/www.ancorseguros.cl\/ancorseguros\/wp-content\/uploads\/2017\/04\/slide-interior06-300x64.jpg 300w, https:\/\/www.ancorseguros.cl\/ancorseguros\/wp-content\/uploads\/2017\/04\/slide-interior06-768x165.jpg 768w, https:\/\/www.ancorseguros.cl\/ancorseguros\/wp-content\/uploads\/2017\/04\/slide-interior06-1024x219.jpg 1024w\" sizes=\"(max-width: 1400px) 100vw, 1400px\" \/><\/div><div class=\"ls-slide\" data-ls=\"duration:1000;kenburnsscale:1.2;\"><img width=\"1400\" height=\"300\" src=\"https:\/\/www.ancorseguros.cl\/ancorseguros\/wp-content\/uploads\/2017\/04\/slide-interior01.jpg\" class=\"ls-bg\" alt=\"somos 100% seguros\" loading=\"lazy\" srcset=\"https:\/\/www.ancorseguros.cl\/ancorseguros\/wp-content\/uploads\/2017\/04\/slide-interior01.jpg 1400w, https:\/\/www.ancorseguros.cl\/ancorseguros\/wp-content\/uploads\/2017\/04\/slide-interior01-300x64.jpg 300w, https:\/\/www.ancorseguros.cl\/ancorseguros\/wp-content\/uploads\/2017\/04\/slide-interior01-768x165.jpg 768w, https:\/\/www.ancorseguros.cl\/ancorseguros\/wp-content\/uploads\/2017\/04\/slide-interior01-1024x219.jpg 1024w\" sizes=\"(max-width: 1400px) 100vw, 1400px\" \/><\/div><\/div>\n<p><span style=\"color: #800080;\"><strong>Seguros de Vida<\/strong><\/span><\/p>\n<p>Los Accidentes son imprevistos y repentinos. pueden ocurrir en cualquier lugar, de cualquier forma y pueden tener consecuencias de cualquier magnitud, desde un simple rasgu\u00f1o hasta la muerte. \u00bfQu\u00e9 pasar\u00e1 con su familia si fallece?, \u00bfComo garantizar el futuro de sus hijos? Es una preocupaci\u00f3n m\u00e1s que legitima y tenemos la mejor de las respuestas a sus inquietudes.<\/p>\n<p><span style=\"color: #800080;\">Seguro de Vida Anual<\/span>:<br \/>\nSeguro renovable de forma autom\u00e1tica, que entrega al asegurado una protecci\u00f3n integral a muy bajo costo. Cuenta con facilidades de pago de hasta 12 cuotas.<br \/>\nLas tarifas del seguro var\u00edan por tramos y depende de la edad y sexo del asegurado.<\/p>\n<p><span style=\"color: #800080;\">Coberturas<\/span>:<\/p>\n<ul>\n<li>Fallecimiento: Cubre el fallecimiento del asegurado por enfermedad o accidente.<\/li>\n<li>Muerte Accidental: Si la muerte es provocada por una accidente, se pagar\u00e1 el doble del capital contratado a los beneficiarios de la p\u00f3liza.<\/li>\n<li>Invalidez accidental: Pagar\u00e1 entre el 3% y el 100% del capital, si a consecuencia de un accidente el asegurado sufre lesiones que le provoquen alg\u00fan grado de invalidez.<\/li>\n<li>\u00a0 Invalidez por enfermedad: Parar\u00e1 100% del capital, si a consecuencia de una enfermedad asegurado sufre lesiones que le provoquen p\u00e9rdida o debilidad de las fuerzas f\u00edsicas o intelectuales de al menos 80%.<\/li>\n<\/ul>\n<p><span style=\"color: #800080;\">Vida Conductor<\/span>:<br \/>\nEste producto busca asegurar a todas aquellas personas que conducen veh\u00edculos motorizados terrestres, cumpliendo adem\u00e1s con la normativa que exige el Ministerio de Transporte sobre el transporte privado remunerado de pasajeros.<br \/>\nEste seguro tiene una tarifa plana, para todos sus asegurados, sin hacer distinci\u00f3n por g\u00e9nero.<br \/>\nSujeto a Condiciones Generales POL 2 92 090, CAL 2 92 092 m\u00e1s el CAD 2 09 199.<\/p>\n<p>Cobertura:<\/p>\n<ul>\n<li>Muerte Natural, Accidental o por acto delictual: Contempla un capital de UF 600 en caso de fallecimiento del asegurado.<\/li>\n<li>Desmembramiento: Se pagar\u00e1 un capital de UF 600 en caso de producirse la p\u00e9rdida total de funciones motrices o de los sentidos que impidan la conducci\u00f3n.<\/li>\n<li>Invalidez total y permanente 80%: Cubre un capital de UF 400 en caso de p\u00e9rdida irreversible y definitiva a consecuencia de enfermedad, accidente o debilidad de sus fuerzas f\u00edsicas o intelectuales, de a lo menos un ochenta por ciento (80%) de la capacidad de trabajo.<\/li>\n<\/ul>\n<p><span style=\"color: #800080;\">Vida Viaje<\/span>:<br \/>\nSeguro de asistencia m\u00e9dica que cubre tanto al asegurado principal como a su grupo familiar durante su estad\u00eda en el extranjero. Cuenta con dos planes, uno para el ingreso a Europa de no residentes que cumplen con los requisitos del tratado de Schengen y un segundo plan para todo el resto del mundo.<br \/>\nLa P\u00f3liza tiene una vigencia de un a\u00f1o, con cobertura de 60 d\u00edas por cada viaje que realice el asegurado, sin necesidad de dar aviso a la compa\u00f1\u00eda.<\/p>\n<p>Cobertura:<\/p>\n<ul>\n<li>Muerte Accidental: Cubre el fallecimiento del asegurado titular, si \u00e9ste muere a consecuencia directa o inmediata de un accidente.<\/li>\n<li>Invalidez Accidental: pagar\u00e1 al asegurado titular de la p\u00f3liza entre el 3% y el 100% del capital, si a consecuencia de un accidente \u00e9ste sufre lesiones que le provoquen alg\u00fan grado de invalidez.<\/li>\n<li>Asistencia de Viaje: Cubre la asistencia m\u00e9dica en el extranjero ante accidentes o enfermedades (planes de UF 250 o Euros 30.000), prolongaci\u00f3n de estad\u00eda en caso de lesi\u00f3n o enfermedad, env\u00edo de medicamentos fuera de Chile, localizaci\u00f3n de equipaje y efectos personales, repatriaci\u00f3n por fallecimiento o enfermedad grave, entre otros.<\/li>\n<\/ul>\n<p><span style=\"color: #800080;\">Seguro Colectivo<\/span>:<br \/>\nUn seguro colectivo es la mejor garant\u00eda para el personal, sindicato, servicio de bienestar de una empresa, miembros de un club, alumnos de un colegio, clientes de un banco&#8230; ya que se trata de un sistema que proporciona un gran beneficio a bajo costo y protege a colectivos que comparten una actividad o intereses comunes.<br \/>\nPrecio Conveniente: los Seguros colectivos, son una serie de productos que permiten a un grupo de clientes beneficiarse, en diversas formas, de su asociatividad. Una sola P\u00f3liza cubre los riesgos de todo el personal incorporando al seguro, por lo tanto, el costo es inferior al de un seguro de vida individual.<br \/>\nFlexibilidad: Los Capitales asegurados pueden ser fijos, donde todo el personal tiene el mismo monto asegurado, o bien variable, donde cada trabajador se asegura con una capital diferente, dependiendo del monto de remuneraci\u00f3n que percibe.<\/p>\n<p><span style=\"color: #800080;\">Protecci\u00f3n Total<\/span>:<\/p>\n<ul>\n<li>Otorga cobertura las 24 horas y los 365 d\u00edas del a\u00f1o, en Chile y en el Extranjero.<\/li>\n<li>Protecci\u00f3n Familiar.<\/li>\n<li>Puede Incorporar, como asegurados, a su c\u00f3nyuge e hijos.<\/li>\n<\/ul>\n<p><span style=\"color: #800080;\">Cruz M\u00e1s Futuro<\/span>:<br \/>\nPosee las cualidades de un seguro de vida tradicional pensado para ofrecer protecci\u00f3n a los beneficiarios en caso de fallecimiento del asegurado, al cual se le agrega un atractivo mecanismo de ahorro que accede a los altos potenciales de rentabilidad que ofrece el mercado de capitales y con importantes beneficios tributarios.<br \/>\nOtro aspecto importante es la posibilidad de usar los fondos acumulados, ajust\u00e1ndose a las necesidades del asegurado, con esto, Cruz M\u00e1s Futuro rompe la idea generalizada de que el invertir en un seguro de vida es no ver m\u00e1s el dinero ya que al ser m\u00e1s flexible, permite realizar varios retiros de dinero al a\u00f1o, incrementar el beneficio por muerte, usar el monto ahorrado de acuerdo con sus necesidades y elegir que tipo de inversi\u00f3n realizar con sus ahorros.<\/p>\n<p><span style=\"color: #800080;\">\u00bfEn qu\u00e9 consiste el seguro?<\/span><br \/>\nCruz M\u00e1s Futuro cubre las necesidades de estar protegido y permite rentabilizar el fondo de pagos que se va acumulando en total beneficio del cliente, permite proteger a sus beneficiarios en caso de fallecimiento mediante el pago del capital contratado, otorg\u00e1ndole tranquilidad en esos momentos dif\u00edciles.<br \/>\nAdicionalmente Cruz M\u00e1s Futuro posee un componente de ahorro, en que mes a mes parte del dinero que usted paga se acumula al igual que una cuenta de ahorro, pudiendo alcanzar importantes rentabilidades. Usted podr\u00e1 realizar retiros parciales y totales de los fondos durante el a\u00f1o. Adem\u00e1s es multifondo, puede modificar el fondo de inversi\u00f3n y obtener importantes beneficios tributarios.<\/p>\n<p><span style=\"color: #800080;\">\u00bfQui\u00e9nes pueden contratar este seguro?<\/span><br \/>\nEs un seguro ideal para personas j\u00f3venes ya que al mayor tiempo es la cantidad de dinero que poseer\u00e1 en esta \u00abCuenta de Ahorro\u00bb.<\/p>\n<p><span style=\"color: #800080;\">Responsabilidad Civil Profesional<\/span>:<br \/>\nSeguro destinado a proteger a profesionales de la salud en su actividad profesional. exclusivo para ser contratado por Cirujanos M\u00e9dicos, Cirujanos Dentistas, Enfermeras Universitarias y Qu\u00edmicos Farmac\u00e9uticos<\/p>\n<p><span style=\"color: #800080;\">Cobertura<\/span>:<br \/>\nCubre la responsabilidad civil incurrida por el asegurado, y que ocasione a terceros da\u00f1os corporales o materiales, en caso de error, negligencia o equivocaci\u00f3n en la prestaci\u00f3n de los servicios propios de la profesi\u00f3n.<\/p>\n<p>&nbsp;<\/p>\n","protected":false},"excerpt":{"rendered":"<p>Seguros de Vida Los Accidentes son imprevistos y repentinos. pueden ocurrir en cualquier lugar, de cualquier forma y pueden tener consecuencias de cualquier magnitud, desde un simple rasgu\u00f1o hasta la muerte. \u00bfQu\u00e9 pasar\u00e1 con su familia si fallece?, \u00bfComo garantizar el futuro de sus hijos? Es una preocupaci\u00f3n m\u00e1s que legitima y tenemos la mejor [&hellip;]<\/p>\n","protected":false},"author":1,"featured_media":0,"parent":0,"menu_order":0,"comment_status":"closed","ping_status":"closed","template":"","meta":[],"_links":{"self":[{"href":"https:\/\/www.ancorseguros.cl\/ancorseguros\/wp-json\/wp\/v2\/pages\/91"}],"collection":[{"href":"https:\/\/www.ancorseguros.cl\/ancorseguros\/wp-json\/wp\/v2\/pages"}],"about":[{"href":"https:\/\/www.ancorseguros.cl\/ancorseguros\/wp-json\/wp\/v2\/types\/page"}],"author":[{"embeddable":true,"href":"https:\/\/www.ancorseguros.cl\/ancorseguros\/wp-json\/wp\/v2\/users\/1"}],"replies":[{"embeddable":true,"href":"https:\/\/www.ancorseguros.cl\/ancorseguros\/wp-json\/wp\/v2\/comments?post=91"}],"version-history":[{"count":10,"href":"https:\/\/www.ancorseguros.cl\/ancorseguros\/wp-json\/wp\/v2\/pages\/91\/revisions"}],"predecessor-version":[{"id":204,"href":"https:\/\/www.ancorseguros.cl\/ancorseguros\/wp-json\/wp\/v2\/pages\/91\/revisions\/204"}],"wp:attachment":[{"href":"https:\/\/www.ancorseguros.cl\/ancorseguros\/wp-json\/wp\/v2\/media?parent=91"}],"curies":[{"name":"wp","href":"https:\/\/api.w.org\/{rel}","templated":true}]}}